 i be m(-2). Suppose -3*a - 61 = -4*b - 0*b, -2*b + 4*a + 28 = i. What is the tens digit of b?
1
Let l(s) = s**2 - 14*s + 2. What is the units digit of l(14)?
2
Suppose 0 = 6*p + 17 - 155. What is the tens digit of p?
2
Suppose -5*j - 30 = 70. Let y = 45 + j. What is the tens digit of y?
2
What is the tens digit of (-3 - -2*2) + (-252)/(-3)?
8
Let y = -86 + 150. What is the units digit of y?
4
Let j(u) = -2*u**3 - u**2 - 3*u - 1. Suppose 5*s + 6 = 2*k - 12, -2*k = -8. What is the tens digit of j(s)?
1
What is the units digit of (10/(-6))/((-3)/9)?
5
Let y = -11 - -15. Suppose o - 17 = -0*o + 2*f, -f - 54 = -y*o. What is the units digit of o?
3
Let k(r) = 3*r**3 + 3*r**2 + 3*r. Let a be k(-2). Suppose -2*o = -4 + 26. Let j = o - a. What is the units digit of j?
7
Let h(m) = 10*m**2 - 2*m**2 + 1 + 3*m**2. What is the tens digit of h(2)?
4
Let o(q) = q**2 - 8*q - 9. Let l be o(8). Let p = l - -17. What is the units digit of p?
8
Suppose -15 = -5*n - 0*n. Let u(p) = p + 5. What is the units digit of u(n)?
8
Let f(w) = 3*w**2 + 2*w. Let m be f(2). Suppose -5*a + 41 - m = 0. Suppose 0 = 2*o + 5*r + 4, a*r + 56 - 4 = 4*o. What is the units digit of o?
8
Let c(k) = 14*k**2 + 19*k - 2. What is the tens digit of c(3)?
8
Suppose 2*q - 23 = 17. Let u = 51 - q. What is the tens digit of u?
3
Let u = -6 + 10. Suppose -6 = -u*c + 4*p - 62, 2*c = 5*p - 43. Let n = c - -17. What is the units digit of n?
8
Let q = 5 + -3. Suppose -q*r + 15 = -7*r. Let u = r - -5. What is the units digit of u?
2
Let l(x) = -3*x - 1. Let t be l(-2). Suppose t*h - 11 = -1. What is the units digit of h?
2
Suppose -69 = -2*h - 5*x, 52 + 38 = 3*h + 3*x. What is the units digit of h?
7
Let j = 43 - -47. What is the units digit of j?
0
Let a be 0 - (96/(-2))/3. Suppose b + 4*m + a = 3*b, 0 = -4*b - m + 68. What is the units digit of b?
6
Let v be ((-8)/10)/(4/(-70)). Suppose c - 1 - 3 = l, -c + v = 4*l. Suppose -u - u = -c. What is the units digit of u?
3
Let w(r) = -r**2 + 14*r + 14. What is the units digit of w(11)?
7
Suppose 0*l + 848 = 4*l - 4*g, 1066 = 5*l + g. What is the tens digit of l?
1
Suppose -3*j = -6*j + 12. Suppose 4*a + 41 = -3*t, -2*a + j*t - 7 = t. Let h = 15 + a. What is the units digit of h?
7
Suppose -2*u + 3 = -3. Suppose 12 = -5*m + 2*m - u*w, -3*w - 14 = m. What is the units digit of m - -1 - (4 + -4)?
2
Let l(b) = b**3 - 8*b**2 - b + 8. Let h be l(8). Suppose h*o - 200 = -4*o. What is the tens digit of o?
5
Let m(x) be the first derivative of -2*x**3/3 + 7*x**2/2 - 6*x - 1. Let h be m(4). What is the units digit of h/(-8) + (-1)/4?
1
Suppose 5*n - 47 = 28. Let y = -8 + n. What is the units digit of y?
7
Let w be (-1 + 0 + 0)*-2. Suppose 0 = -w*l - l + 3. What is the units digit of l?
1
Let i = -25 - -57. What is the units digit of 3/(-4) - (-280)/i?
8
Let z(b) = -b**3 - b. Let o be z(-1). Let v be -3 + (3 - (o - 1)). What is the units digit of (10/8)/(v/(-4))?
5
Suppose -4*q + 166 = w, 5*q + 2*w - 77 = 132. Suppose -4 = -2*p, 2*p - q = -5*i + 68. What is the tens digit of i?
2
Let r = -3 + 6. Suppose -2 = -r*u + 4. Suppose -4*n + 18 = j - 23, 0 = -u*j + 10. What is the units digit of n?
9
Suppose -10 = -4*l + 58. What is the units digit of l?
7
Suppose 0 = -u + 2*u - 10. Suppose -2*m + 10 = -2*t, 5*m - 3*t = 11 + u. Suppose s - 14 = -s - m*j, s = j + 12. What is the tens digit of s?
1
Let d = 15 + 36. What is the tens digit of d?
5
Let j(f) = 134*f**3 + 1. What is the tens digit of j(1)?
3
Let t(v) be the first derivative of v**4/12 - 7*v**3/6 + v**2 + 2*v + 1. Let m(z) be the first derivative of t(z). What is the units digit of m(7)?
2
Let n be 2 + -1 - (2 - 4). Suppose -n*r + 48 = -2*y, 2*r + 0*y = y + 32. What is the tens digit of r?
1
Suppose 4*h = -3*c + 6*h - 4, -5*c - h = -15. Let i(p) = 17*p - 1. What is the tens digit of i(c)?
3
Let z = 21 - 13. Let j(y) = y**2 - 8*y + 2. Let c be j(z). Suppose -s + 14 = c*n, -4*n + 3*n - 8 = -2*s. What is the units digit of s?
6
Suppose 7*v = 2*v + 5. Suppose 5*u - 25 = 3*y, y - 4 = -5*u + v. Suppose -5*z = -5, -z - z + 10 = u*b. What is the units digit of b?
4
Let o(p) = p + 13. Let q(j) = 1. Let v be -2*(-2 - (-6)/4). Let k(x) = v*o(x) - 4*q(x). What is the units digit of k(-7)?
2
Let s(u) = 23*u + 1. What is the tens digit of s(1)?
2
What is the tens digit of (-5)/(-2)*(18 - -20)?
9
Let g(f) = f + 2. Let m be g(0). Let k(i) = 4 - 2*i**2 + 0*i**3 - 3*i**m + 2*i + i**3. What is the units digit of k(5)?
4
Let o(m) = 57*m + 7. What is the units digit of o(2)?
1
Let i(c) = -c**2 + 30*c + 1. What is the hundreds digit of i(10)?
2
Suppose -4*x + 4*q = -124, -2*x - x - 3*q = -69. What is the units digit of x?
7
Suppose -4*w + 90 = -w. Let c be (8/10)/(1/w). Suppose 2*v = -2*f + c, -5*v + 3*f - 38 = -114. What is the tens digit of v?
1
Let v(r) = -r + 9. Let n be v(4). Suppose 4*i + 4*c - 44 = 0, -n*c = 3*i - 42 + 5. What is the units digit of i?
9
Let l(a) = 17*a**2 - 4*a + 3. What is the units digit of l(1)?
6
Let f = -82 - -133. What is the tens digit of f?
5
Let h(v) = 2*v**3 - 2*v**2 - 5*v - 3. What is the tens digit of h(4)?
7
Let w be (4 - 1)/(12/8). Suppose -155 = -7*b + w*b. Suppose -5*p + 91 = b. What is the tens digit of p?
1
Let c(u) = u**2 - 5*u + 4. Let b be c(3). Let y be b + 2 + (1 - -1). Suppose 6*n + 4 = 4*n - y*h, 9 = -3*h. What is the units digit of n?
1
Suppose -2 = 2*l + 4*b, 2*b - 1 = l - 4. What is the units digit of l?
1
Suppose -5*k + 0*k + 10 = 0. Suppose -l = -0 - k. What is the units digit of 2*l + 0/1?
4
Suppose 0 = -7*b + 4*b + 4*i + 5, 5 = b + 2*i. Suppose 0*l + p = -b*l - 6, -l = p + 4. Let u = l + 2. What is the units digit of u?
1
Let b(l) = 4*l + 2. What is the tens digit of b(7)?
3
Let m = 423 + -224. Suppose -d + k - 2*k + 37 = 0, 2*k + m = 5*d. What is the tens digit of d?
3
Let s = -199 + 348. What is the hundreds digit of s?
1
Suppose 18*k = 20*k - 368. Suppose 4*s - 2*l - k = -28, -3*s + 118 = -2*l. What is the units digit of s?
8
Let x = -149 - -242. Suppose 0 = 7*m - 4*m - x. What is the tens digit of m?
3
Let h be ((-15)/(-5))/(6/16). Suppose -h - 62 = -5*b. What is the tens digit of b?
1
Let y be (-95)/(-30) + (-1)/6. Suppose -y*v - 4*s = v, 3*s + 12 = 0. What is the units digit of v?
4
Suppose 4*i = -3*r + 27, 0 = -2*i + i - 5*r + 28. Suppose -3*p + m + 14 = 0, i*m + 2*m = -10. Let j(d) = -d**2 + 4*d + 2. What is the units digit of j(p)?
2
Let n(h) = -h + 12. What is the units digit of n(0)?
2
What is the hundreds digit of (-9)/18 - (758/(-4) + 1)?
1
Suppose -3*m = -0*m + 84. Suppose -4*z - 80 = -j - 2*j, -5*z - 100 = -j. Let k = z - m. What is the units digit of k?
8
Suppose 4*u + 20 = 3*s, 4*u + 4 + 0 = -s. Let a be 54/s*12/9. Suppose 0*k = k - a. What is the tens digit of k?
1
Suppose 13 = 5*t + 3*x, 4*x = 4*t - 2*t. Let w(h) = -h**2 + 16*h - 10. Let j be w(15). Suppose -8 - t = -j*p. What is the units digit of p?
2
Let s = 5 - 1. Let m(x) = x**3 - x**2 + x + 6. Let i(k) = k**3 - 2*k**2 + 6. Let w(o) = -3*i(o) + 2*m(o). What is the units digit of w(s)?
2
Suppose 2*x - 88 = -2*x. Suppose s = -s + x. Let q = -6 + s. What is the units digit of q?
5
Suppose 0 = 3*i - 5*n, 0 = -2*i + n + 3*n. Suppose -3*q + i*q - 18 = 0. Let a = 3 - q. What is the units digit of a?
9
Let i = 35 + -8. Suppose -5*f + i = s, 2*s + 21 = 6*f - f. What is the units digit of s?
2
Let o(b) = -b + 3. Let v(t) = 12*t**2 - 3*t**3 + 2*t**3 - 2*t**2 - 11*t + 11. Let w be v(9). What is the units digit of o(w)?
0
Let i(y) = -3*y**3 + 2*y**2 + y. Let s be i(-1). Let a be 6/(-9)*(-18)/s. What is the units digit of (-26)/(-4)*2 + a?
6
Let v(y) = -2 - y**2 + 5*y + 2*y**2 + 0*y**2. What is the units digit of v(3)?
2
Let a = 8 - 5. Suppose -5 = -2*k + a. Let w = 14 - k. What is the tens digit of w?
1
Let f(q) = q**2 + q + 29. What is the units digit of f(0)?
9
Let v be (-5)/2*12/(-15). Suppose v*a = 7*a. Suppose -2*m - 2*m + 12 = a. What is the units digit of m?
3
Let b = 0 - 8. Let c be (b - 0)/(6/(-18)). Suppose 3*h - 9 - c = 0. What is the units digit of h?
1
Let b be -4*3/(-12)*2. Let z(q) = -2*q - 1. Let j be z(b). Let y = j - -8. What is the units digit of y?
3
Suppose 4*d - 10 = 2*b - 4, -d = b. What is the units digit of 17*(d - 0/(-1))?
7
Suppose 0 = -3*c - d - 98, 2*c + 5*d - 54 = 4*c. Let r be (7/4)/(